ive y(5).
-176
Let c(p) = 3141*p**2 + 15711*p + 18. Give c(-5).
-12
Let j(x) = x**3 + 10*x**2 - 8580*x - 60214. Calculate j(-7).
-7
Let h(v) = 112*v**2 - 129*v - 263. Calculate h(-2).
443
Let j(c) = -14*c**2 + 41*c - 148. Determine j(3).
-151
Let u(b) = -b**2 - 1509*b - 45859. What is u(-31)?
-41
Let k(p) = 421784*p - 6748529. Calculate k(16).
15
Let c(z) = -2*z**2 - 1289*z - 101617. Calculate c(-93).
962
Let m(r) = -22*r**2 + 1451*r + 1846. What is m(67)?
305
Let c(r) = -12*r**2 - 28*r + 136. Determine c(-5).
-24
Let b(i) = -225*i**2 - 103*i - 41. What is b(-3)?
-1757
Let i(d) = -180*d**2 + 90*d - 104. What is i(0)?
-104
Let k(s) = s**3 + 98*s**2 + 792*s - 1049. Calculate k(-89).
-248
Let s(y) = y**3 + 161*y**2 + 2506*y + 6266. What is s(-14)?
-6
Let i(m) = 6643*m - 93148. Calculate i(14).
-146
Let w(y) = 2*y**3 - 94*y**2 - 53*y + 226. Give w(48).
2290
Let i(p) = -186*p + 9926. Calculate i(57).
-676
Let c(d) = -95*d - 8359. Determine c(-78).
-949
Let r(f) = -2*f**3 - 3*f**2 - 5*f + 1033. What is r(0)?
1033
Let b(x) = -46*x**2 + 3989*x - 6416. Calculate b(85).
299
Let r(v) = 6*v**2 - 270*v + 2823. Calculate r(22).
-213
Let j(u) = -u**3 - 11*u**2 + 4612*u - 13706. Determine j(3).
4
Let y(h) = -h**3 - 10*h**2 + 502*h - 1431. Determine y(-29).
-10
Let u(a) = -66*a**2 + 172*a - 34. What is u(6)?
-1378
Let j(z) = 13*z**2 + 1924*z + 44843. Determine j(-119).
-20
Let c(d) = 42692*d - 341369. Determine c(8).
167
Let x(n) = 1723*n - 3388. What is x(2)?
58
Let y(d) = 136*d**2 - 4552*d + 17636. What is y(29)?
4
Let v(d) = -d**3 - 9*d**2 - 232*d - 1540. What is v(-7)?
-14
Let p(h) = -77*h**2 + 201*h - 960. What is p(5)?
-1880
Let s(z) = 171*z**2 - 1209*z + 79. Give s(7).
-5
Let k(f) = 75539*f - 22359557. Calculate k(296).
-13
Let s(n) = 3*n**3 + 109*n**2 + 96*n + 2145. Determine s(-36).
-15
Let x(t) = 3*t**2 + 193*t - 1172. Calculate x(-66).
-842
Let w(f) = 3590*f + 236814. Calculate w(-66).
-126
Let l(s) = 2*s**2 + 8*s - 853. Give l(20).
107
Let p(f) = -f**2 - 67*f - 465. Give p(-59).
7
Let h(y) = -1639*y + 417942. Give h(255).
-3
Let r(t) = -234*t**3 - t**2 - 11*t - 8. What is r(-2)?
1882
Let q(p) = p**2 + 456*p + 19647. What is q(-49)?
-296
Let p(x) = -x**2 + x + 694. Give p(27).
-8
Let z(s) = 3*s**2 + 764*s + 5160. Give z(-247).
-521
Let d(w) = 68*w**2 - 128*w + 883. Determine d(6).
2563
Let l(q) = 122*q**2 - 2274*q + 2272. What is l(1)?
120
Let n(y) = -y**3 - 87*y**2 - 804*y + 2435. Give n(-76).
3
Let f(b) = -4*b**3 + 14*b**2 + 147*b - 794. Determine f(7).
-451
Let v(t) = -22*t**2 - 15*t + 52. What is v(7)?
-1131
Let q(h) = -86*h**2 + 107*h - 1. Calculate q(2).
-131
Let z(u) = 38*u**2 - 1800*u + 3488. What is z(2)?
40
Let s(a) = -a**2 - 147*a - 4364. Calculate s(-40).
-84
Let s(p) = -p**3 - 495*p**2 + 68662*p - 25545. What is s(-608)?
-9
Let j(i) = 81*i**3 - 16*i**2 - 42*i - 1. Determine j(-2).
-629
Let y(s) = -s**3 - 80*s**2 + 121*s - 78. Calculate y(-81).
-3318
Let q(a) = -a**2 + 7803*a - 186702. Determine q(24).
-6
Let m(a) = 7*a**3 + 110*a**2 + 301*a + 95. What is m(-12)?
227
Let h(u) = -239*u**2 + 3832*u + 3926. Determine h(17).
-1
Let c(j) = 321*j - 190. Calculate c(-9).
-3079
Let p(i) = i**3 + 45*i**2 - 76*i - 3448. Give p(-45).
-28
Let u(d) = 96*d**2 - 263. What is u(3)?
601
Let g(v) = -802*v + 204570. What is g(255)?
60
Let b(h) = 20*h**2 - 222*h + 543. Calculate b(4).
-25
Let v(w) = 210*w**3 + 63*w**2 + 23*w + 27. Give v(-1).
-143
Let b(u) = 430*u - 1935. Determine b(5).
215
Let f(c) = c**2 + 56*c - 8192. Calculate f(34).
-5132
Let q(m) = 6800*m**2 + 170125*m + 3120. What is q(-25)?
-5
Let o(c) = c**3 + 28*c**2 + 138*c - 22. Give o(-25).
-1597
Let i(l) = 3*l**2 - 55406*l - 10. Give i(0).
-10
Let j(q) = -21508*q + 430096. Determine j(20).
-64
Let y(u) = u**2 + 5779*u - 273713. Calculate y(47).
109
Let t(u) = u**3 + 297*u**2 + 895*u + 3825. Determine t(-294).
3
Let d(c) = -3*c**2 + 241*c - 3123. Calculate d(65).
-133
Let g(p) = -2*p**2 + 948*p - 6477. What is g(7)?
61
Let i(g) = -1934*g**2 + 102498*g + 271. Determine i(53).
59
Let l(b) = b**3 - 42*b**2 - 40*b + 199. Give l(42).
-1481
Let k(d) = 4226*d + 875165. Determine k(-207).
383
Let t(f) = 6058*f + 18140. What is t(-3)?
-34
Let w(j) = -131*j**2 + 1200*j - 178. Calculate w(10).
-1278
Let g(z) = 4*z**3 - 13*z**2 - 110*z - 2. Calculate g(-8).
-2002
Let x(k) = -21*k**2 + 324*k - 649. Calculate x(2).
-85
Let k(o) = -8*o**3 + 417*o**2 + 369*o - 4. Calculate k(53).
-110
Let v(w) = -w**2 + 2519*w - 718629. Calculate v(328).
19
Let s(l) = 171687*l + 1201793. What is s(-7)?
-16
Let x(v) = 9*v**3 + 159*v**2 + 164*v - 29. Calculate x(-16).
1187
Let b(o) = -o**3 - 391*o**2 - 22970*o - 644. Give b(-319).
-6
Let y(j) = -j**3 - 1935*j**2 + 410704*j - 3. Calculate y(193).
-3
Let n(m) = 3*m**3 + 347*m**2 - 31*m + 51081. Calculate n(-117).
-48
Let w(o) = -8*o**2 - 590*o + 4691. Determine w(-81).
-7
Let x(a) = 32*a**2 + 13802*a + 4285. Calculate x(-431).
-25
Let i(k) = -k**3 - 259*k**2 - 760*k + 28. Give i(-3).
4
Let z(b) = b**3 - 89*b**2 + 429*b - 41. Determine z(5).
4
Let f(p) = p**3 - 120*p**2 - 212*p - 19338. What is f(123)?
-27
Let f(v) = 2*v**3 - 300*v**2 + 1287*v - 288055. What is f(152)?
-15
Let b(k) = -k**3 + 34*k**2 - 252*k - 712. Determine b(19).
-85
Let s(a) = -2*a**2 + 986*a + 4986. What is s(-5)?
6
Let f(r) = -r**3 + 7*r**2 + 544*r + 94. Give f(-20).
14
Let w(s) = 6*s**3 + 11*s**2 + 42*s - 298. Give w(6).
1646
Let o(j) = 3*j**2 + 65*j - 2754. What is o(-44)?
194
Let d(s) = -30689*s - 6413990. Give d(-209).
11
Let k(v) = -2*v**3 - 301*v**2 + 443*v - 1616. What is k(-152)?
360
Let w(l) = l**3 - 16*l**2 - 1297*l - 409. Give w(45).
-49
Let a(i) = -6219*i - 24789. Give a(-4).
87
Let k(n) = -n**3 - 85*n**2 - 19*n - 1147. Calculate k(-85).
468
Let j(k) = 40965*k - 778044. What is j(19)?
291
Let p(o) = 54760*o - 1861929. Give p(34).
-89
Let p(f) = 4094*f + 12290. What is p(-3)?
8
Let m(r) = -158817*r - 1588177. What is m(-10)?
-7
Let s(x) = -1092*x - 42474. What is s(-38)?
-978
Let k(v) = -v**3 + 138*v**2 - 3322*v + 546. What is k(107)?
11
Let w(h) = -351*h**2 - 13*h - 81. Determine w(0).
-81
Let u(h) = 23*h**2 - 922*h + 792. What is u(39)?
-183
Let z(f) = f**2 + 2658*f - 842044. Determine z(286).
-60
Let x(c) = -8*c**3 + 255*c**2 - 202*c - 422. Calculate x(31).
43
Let r(o) = 250389*o + 1251968. Determine r(-5).
23
Let l(h) = 3028*h + 36298. What is l(-12)?
-38
Let u(g) = -g**3 - 39*g**2 - 206*g - 40. Calculate u(-5).
140
Let x(c) = c**2 + 1170*c + 21706. What is x(-19)?
-163
Let w(i) = -14924*i + 402543. Calculate w(27).
-405
Let h(v) = 416*v - 20181. Calculate h(48).
-213
Let n(r) = -2*r**3 + 176*r**2 + 194*r - 17070. Calculate n(88).
2
Let f(b) = b**2 - 92*b + 367. Determine f(36).
-1649
Let u(h) = -350008*h + 1050044. Determine u(3).
20
Let w(u) = -8*u**2 + 684*u + 23741. Give w(112).
-3
Let w(q) = -31295*q - 62589. Determine w(-2).
1
Let d(o) = 4051*o + 20252. Give d(-5).
-3
Let z(v) = -v**3 - 4116*v**2 + 37127*v - 15. Calculate z(9).
3
Let i(u) = 709*u + 15420. Determine i(-22).
-178
Let p(l) = 128*l**2 + 25*l - 1. Give p(1).
152
Let x(c) = c**3 - 115*c**2 + 3216*c - 33279. Determine x(80).
1
Let h(v) = -272*v + 23358. Determine h(84).
510
Let j(q) = 6*q**2 - 1214*q - 52592. What is j(239)?
-12
Let s(o) = -2*o**3 + 47*o**2 + 1187*o - 27569. Give s(22).
-3
Let s(p) = -2*p**3 - 659*p**2 - 47842*p + 196. Give s(-108).
-20
Let f(x) = x**3 - 35*x**2 + 328*x - 501. Determine f(19).
-45
Let q(g) = -9049*g - 36761. Determine q(-4).
-565
Let f(n) = 8*n**3 - 196*n**2 + 835*n - 199. What is f(5)?
76
Let m(j) = 83*j + 43159. Give m(-520).
-1
Let r(n) = 8*n**2 + 629*n - 114. Determine r(-79).
123
Let z(t) = 194*t - 19577. Calculate z(101).
17
Let n(u) = -49*u**2 + 1855*u + 269. Determine n(38).
3
Let j(b) = -14566*b - 59091. Give j(-4).
-827
Let n(b) = b**3 + 112*b**2 - 2045*b - 52537. Give n(-125).
-37
Let w(n) = -2*n**2 - 8323*n + 3138618. Give w(348).
6
Let z(o) = -1295*o + 14376. Determine z(11).
131
Let u(g) = 8*g**3 + 230*g**2 - 150*g - 2704. Calculate u(-29).
-36
Let c(p) = p**3 + 3*p**2 + 90*p - 366. What is c(4)?
106
Let a(i) = 762*i**2 + 5315*i - 70. What is a(-7)?
63
Let l(y) = 8632*y + 250357. Determine l(-29).
29
Let x(k) = 12078*k + 21216. What is x(-2)?
-2940
Let t(y) = -114895*y**2 - 459